32 + -10211?
3112210121
In base 7, what is 421 + -1423050?
-1422326
In base 12, what is 17 + -107a66b?
-107a654
In base 6, what is 5251424 - -3121?
5254545
In base 12, what is 179876 - 870?
179006
In base 7, what is 14450333215 + 4?
14450333222
In base 5, what is -1031420 - 220?
-1032140
In base 3, what is 100202200 - -1211222?
102121122
In base 4, what is -22033131132 + -2?
-22033131200
In base 9, what is -336371 + 410?
-335861
In base 13, what is -45 + 2539c1?
253979
In base 12, what is -4a - 8335b?
-833a9
In base 5, what is -41 + 101024040?
101023444
In base 12, what is -15 + ba267a3?
ba2678a
In base 13, what is 152ab71 - -5?
152ab76
In base 15, what is 17 - -15c6a?
15c82
In base 6, what is -210510213 - -435?
-210505334
In base 16, what is -c + -f2a2?
-f2ae
In base 4, what is 202111333 + -110?
202111223
In base 14, what is 4503d0 - 9a?
450334
In base 2, what is 10001010 + 111100110000011101101?
111100110000101110111
In base 13, what is 19aca615 - -1?
19aca616
In base 2, what is -11001001110110011 + 10000101?
-11001001100101110
In base 4, what is 2211220320 + 101?
2211221021
In base 11, what is 2087 + -5221?
-3145
In base 16, what is 180a - 50?
17ba
In base 11, what is 1a + 1866900?
186691a
In base 5, what is -243124032044 - 0?
-243124032044
In base 6, what is 5 + 243005112?
243005121
In base 3, what is -2 - 12110122100200?
-12110122100202
In base 7, what is 4 + 150066425?
150066432
In base 16, what is de4fb - 1a?
de4e1
In base 10, what is 68 - -112898?
112966
In base 2, what is 10001011010 + 1111010001?
100000101011
In base 4, what is -23302211232 + 20?
-23302211212
In base 16, what is 18ee3308 - -2?
18ee330a
In base 12, what is -4 + -a87200?
-a87204
In base 10, what is 3 + 20368560?
20368563
In base 7, what is 411202 + 0?
411202
In base 16, what is -4bbe - -fa?
-4ac4
In base 13, what is -a123aa - -3?
-a123a7
In base 2, what is -11 - 10010010000110101001100100?
-10010010000110101001100111
In base 13, what is 24355 - 181?
241a4
In base 11, what is 275290 - 8?
275283
In base 6, what is -4043351 - 3034?
-4050425
In base 7, what is 0 + 441032030?
441032030
In base 3, what is 21021210212111212 - 0?
21021210212111212
In base 2, what is -11100110010000101 - -1100000001?
-11100100110000100
In base 5, what is -201 + 11113142302?
11113142101
In base 5, what is -31411003 + 22402?
-31333101
In base 15, what is 5 + 4d0180b?
4d01811
In base 2, what is -1001101000111111001010 - -10011?
-1001101000111110110111
In base 14, what is -2a9d0d2a + -4?
-2a9d0d30
In base 4, what is 310 + 233002210?
233003120
In base 9, what is -406126 - -174?
-405842
In base 13, what is -2 - 1b4aa953?
-1b4aa955
In base 11, what is 441598 - -1?
441599
In base 5, what is 1 - -33221213330?
33221213331
In base 5, what is -12 - -12104340134?
12104340122
In base 9, what is -80463 + -635?
-81208
In base 10, what is 554966186 - -3?
554966189
In base 16, what is -2315839 + -10?
-2315849
In base 5, what is 10324043 + 234?
10324332
In base 8, what is 2174 + -26217?
-24023
In base 15, what is -165 - 1c81?
-1de6
In base 14, what is 12dcb9 + -144?
12db75
In base 15, what is -c4 - -28981a?
289746
In base 8, what is -33 + 303166?
303133
In base 7, what is 320323 + 62453?
413106
In base 6, what is -14345 + 15235?
450
In base 2, what is 10001111 - -1111010000?
10001011111
In base 6, what is -11334 - -1530201?
1514423
In base 9, what is 48686300 - -8?
48686308
In base 13, what is 7 - 1a02405a?
-1a024053
In base 7, what is 2 + -26135250?
-26135245
In base 10, what is 73689776 - -2?
73689778
In base 16, what is 2 - -73f154?
73f156
In base 2, what is -10101010010010011 + 100101110?
-10101001101100101
In base 7, what is -5615 - -33106?
24161
In base 13, what is -2644 + 5328?
29b4
In base 9, what is -311773 - -8?
-311764
In base 11, what is -5 + 2464363?
2464359
In base 7, what is -33 - 214616264?
-214616330
In base 14, what is -a878 + 205?
-a673
In base 12, what is 1 + -592927?
-592926
In base 13, what is 2 + 16722a?
16722c
In base 12, what is 3 + -11891176?
-11891173
In base 4, what is -20 + 1222103331230?
1222103331210
In base 10, what is -278 - -17780?
17502
In base 5, what is 10 + -1321344420?
-1321344410
In base 2, what is 100 - 10110001001110010100111111?
-10110001001110010100111011
In base 7, what is -305134056 + -5?
-305134064
In base 13, what is -1440b - -1049?
-13392
In base 5, what is 102 - 2134400221?
-2134400114
In base 9, what is 50787307 - -5?
50787313
In base 12, what is -313872 - 24?
-313896
In base 10, what is -670128 - 43?
-670171
In base 10, what is 14453 - 4708?
9745
In base 3, what is 2220022011 - 1102211?
2211212100
In base 13, what is -6 + 1a948a07?
1a948a01
In base 14, what is -171519 + 12?
-171507
In base 12, what is -95 - 67937?
-67a10
In base 5, what is -12 - 3422013233?
-3422013300
In base 7, what is -511510 + 5?
-511502
In base 13, what is -99 - 53a4?
-5470
In base 4, what is 200300330231 + -22?
200300330203
In base 12, what is -37446739 + 0?
-37446739
In base 8, what is -27515 - -14342?
-13153
In base 4, what is 203 - -123233110?
123233313
In base 6, what is 15 - 13540121?
-13540102
In base 2, what is 110110000101 - 1010101010?
101011011011
In base 4, what is 12 - -2122103232?
2122103310
In base 9, what is -8324 + -607?
-10032
In base 7, what is -34661 - -1653?
-33005
In base 12, what is -4 - 666a29a?
-666a2a2
In base 6, what is 2124 + -311551?
-305423
In base 12, what is 3 + 36356667?
3635666a
In base 4, what is 12001 - -132022?
210023
In base 7, what is 1336340 + -2353?
1333654
In base 15, what is -25e2a0 - 8?
-25e2a8
In base 7, what is 1060311301 - 1?
1060311300
In base 8, what is -543726654 + -2?
-543726656
In base 16, what is 1c80 + -168e3?
-14c63
In base 6, what is -11105 - 1325?
-12434
In base 3, what is -220211221212 - -200?
-220211221012
In base 15, what is 7 - -9c4b?
9c53
In base 3, what is 10101 - -1012010210202?
1012010221010
In base 15, what is 1e29db + -1e?
1e29bc
In base 14, what is 16c - 47400?
-47272
In base 11, what is 41 + 36a163?
36a1a4
In base 11, what is 10238 - 46?
101a2
In base 15, what is 32 + -27c38?
-27c06
In base 13, what is 103 + -776?
-673
In base 4, what is -132130323 - -110330?
-132013333
In base 16, what is -19e + 17801?
17663
In base 5, what is 32433302 + -400?
32432402
In base 13, what is -314388 + -5?
-314390
In base 2, what is -111011 - -110010011001001111?
110010011000010100
In base 3, what is -11222210121200 + -20?
-11222210121220
In base 7, what is 126435 + 642?
130410
In base 7, what is -1603416 + 23?
-1603363
In base 7, what is 6253 + 24013?
33266
In base 16, what is 13d8b7 - -3?
13d8ba
In base 4, what is -131012112 + 130033?
-130222013
In base 4, what is 1000303333 + 303?
1000310302
In base 4, what is -3332210101031 - 13?
-3332210101110
In base 7, what is -5601 + -1056016?
-1064620
In base 12, what is 29a325 - -8b?
29a3b4
In base 7, what is 354136 + 1540?
356006
In base 7, what is 1211246053 - -2?
1211246055
In base 6, what is 14421402013 + -5?
14421402004
In base 12, what is -626 - 178a41?
-179467
In base 6, what is -214025534435 + 2?
-214025534433
In base 5, what is -131101131222 - 0?
-131101131222
In base 15, what is 2 + -20c9a2a9?
-20c9a2a7
In base 9, what is -101 - -65370?
65268
In base 4, what is 132220 + -211323?
-13103
In base 11, what is -3a + 925804?
925775
In base 9, what is 222132005 - 0?
222132005
In base 10, what is 14359 - -64?
14423
In base 14, what is 82 - 490dd?
-4905b
In base 13, what is 4bb6 + 3?
4bb9
In base 6, what is 1002415 - 212?
1002203
In base 11, what is -2 - -1517aa8?
1517aa6
In base 2, what is -100110 + -11100110011101011111?
-11100110011110000101
In base 15, what is -1e06 - -1bc8?
-22d
In base 12, what is -63827b + -52?
-638311
In base 5, what is -1131243 - 12124?
-1143422
In base 15, what is 17577 - 2eb?
1727b
In base 3, what is 10002222110210010 - 1?
10002222110210002
In base 10, what is 10768 + -526?
10242
In base 11, what is 1560950 + -35?
1560916
In base 14, what is -4 + -20d44b?
-20d451
In base 2, what is 1001000000010101111 + 10011110?
1001000000101001101
In base 14, what is 0 - -482a2?
482a2
In base 12, what is -54952 - 19?
-5496b
In base 8, what is -1662251 - 4?
-1662255
In base 5, what is 2411 - 2000303?
-1442342
In base 8, what is -3 + 12033431?
12033426
In base 6, what is -4 + -12111